 157a6a9 + 4?
157a6b0
In base 16, what is -c + -114dfa?
-114e06
In base 16, what is f95 + a081?
b016
In base 2, what is 1001110001001100001100011 + 1000?
1001110001001100001101011
In base 15, what is -1b7 - 734?
-8eb
In base 13, what is 10 - 1400921c?
-1400920c
In base 4, what is -200300133033 + -10?
-200300133103
In base 11, what is 77359139a + 3?
7735913a2
In base 14, what is 1 - 6c55744?
-6c55743
In base 16, what is 187dcb9 - 5?
187dcb4
In base 14, what is -3 - -177ba6b?
177ba68
In base 13, what is 1400 - -651?
1a51
In base 16, what is 628e51 + -2?
628e4f
In base 5, what is -111212011303 - -14?
-111212011234
In base 10, what is 9723 - -7318?
17041
In base 16, what is 11c9b - fd?
11b9e
In base 14, what is 3 - 92920a?
-929207
In base 15, what is -9ce - -48340?
47861
In base 3, what is 1002212010022 + 0?
1002212010022
In base 13, what is -c8 - -366a73?
366978
In base 13, what is -55 - -18246?
181c1
In base 14, what is 3dc - 134707?
-134309
In base 13, what is -a4 + 13792?
136bb
In base 2, what is -1000100000001 - -111101011?
-111100010110
In base 13, what is -18 - b85175?
-b85190
In base 16, what is -1cc6 - -2860?
b9a
In base 8, what is -2 - -60011111?
60011107
In base 8, what is -331731670 - 6?
-331731676
In base 4, what is 211323132 - -33322?
212023120
In base 10, what is -2983 + -713?
-3696
In base 2, what is 10 + -10101110110110011000?
-10101110110110010110
In base 2, what is 10011010111011011010001000 + 11000?
10011010111011011010100000
In base 3, what is 210222002102220 - -10?
210222002110000
In base 14, what is 6ab22 + -97?
6aa69
In base 16, what is -bf3 + -97dc?
-a3cf
In base 6, what is 2505 + -23222021?
-23215112
In base 15, what is 38 - -77ed?
7836
In base 14, what is -35 - -aba10?
ab9b9
In base 10, what is 26363718 + 13?
26363731
In base 6, what is 2305 + -25112?
-22403
In base 7, what is -5 + 130035523?
130035515
In base 9, what is 42732362 - 2?
42732360
In base 6, what is -3012504055 - -11?
-3012504044
In base 16, what is -b0 + 4a3?
3f3
In base 5, what is -1004 - 10000201142?
-10000202201
In base 14, what is -12 + 7d81248?
7d81236
In base 5, what is -4033140 - -4012?
-4024123
In base 3, what is -10211 - -10000200112002?
10000200101021
In base 12, what is 6a18ba8 + -7?
6a18ba1
In base 13, what is -1 - 9b1b907?
-9b1b908
In base 2, what is -1110010 + 110000010011001?
110000000100111
In base 8, what is -101 + -2522264?
-2522365
In base 3, what is -10122 - 11010201111?
-11010212010
In base 15, what is 1db9ed - -126?
1dbb24
In base 15, what is -677aa2c + 5?
-677aa27
In base 15, what is 23c7a + -29c?
239cd
In base 6, what is -5335240131 + 4?
-5335240123
In base 16, what is -6a04d - d7?
-6a124
In base 16, what is 240e93 + 12?
240ea5
In base 13, what is -355a + -994?
-4221
In base 15, what is -1900d - 14b3?
-1a4c1
In base 2, what is 10 + 111100011100000001010?
111100011100000001100
In base 7, what is -1456 - 34466?
-36255
In base 14, what is 4 + 1d92019?
1d9201d
In base 12, what is 28105a - -75?
281113
In base 7, what is -36010 + 6036?
-26641
In base 11, what is 0 + 1333602?
1333602
In base 10, what is 193443464 + -3?
193443461
In base 7, what is 436561 - -235?
440126
In base 8, what is -2 - 216074132?
-216074134
In base 13, what is 2080c17 - 8?
2080c0c
In base 6, what is 24511455013 + -1?
24511455012
In base 12, what is -b - -10a4120?
10a4111
In base 14, what is -21dc82d + 5?
-21dc828
In base 11, what is 3 + 6217195?
6217198
In base 9, what is -177573042 + -1?
-177573043
In base 14, what is 54315c4 - 4?
54315c0
In base 12, what is -195 - -724ba?
72325
In base 4, what is 23123 - 10003331?
-3320202
In base 7, what is 0 - -46433603?
46433603
In base 6, what is 15315133410 - -5?
15315133415
In base 16, what is -4 - 7506f?
-75073
In base 4, what is -21 - -322232203?
322232122
In base 13, what is 1 + -14446987?
-14446986
In base 7, what is -4 - -13053513?
13053506
In base 11, what is -2052542 + -72?
-2052604
In base 4, what is 10001 + -311212231?
-311202230
In base 2, what is 1011001100111000001111 + 10001111?
1011001100111010011110
In base 2, what is -110000011101110111 - 1101?
-110000011110000100
In base 13, what is -12 + -43715b1?
-43715c3
In base 13, what is 9 + -4c03b6?
-4c03aa
In base 11, what is 30a5a20 - -4?
30a5a24
In base 5, what is 301044223 - -1?
301044224
In base 15, what is -cee7e - 1?
-cee80
In base 15, what is 3 - -16d825?
16d828
In base 6, what is -103113 + 1353?
-101320
In base 10, what is -13 + 1006511?
1006498
In base 2, what is -100100001101101010001111 + 101?
-100100001101101010001010
In base 4, what is 20 + -2101101202213?
-2101101202133
In base 13, what is -b11 - -876a?
7959
In base 14, what is -3698a + 1d04?
-34a86
In base 14, what is 127a61a - 3?
127a617
In base 14, what is -61 - -71bc5b?
71bbda
In base 15, what is b488 - e1?
b397
In base 2, what is -111011101001101110 + -111011?
-111011101010101001
In base 3, what is -11 + -10212220221101?
-10212220221112
In base 6, what is 22051140514 + 0?
22051140514
In base 7, what is -64164 - 3004?
-100201
In base 14, what is -1 - -714441?
714440
In base 7, what is 101 + 1262015?
1262116
In base 11, what is -1593 - -17710?
16128
In base 5, what is -4 - -134000303123?
134000303114
In base 12, what is -a032 - -194?
-9a5a
In base 16, what is -8df86b - 2?
-8df86d
In base 12, what is 15227211 - 4?
15227209
In base 14, what is -1 + -1098431a?
-1098431b
In base 7, what is -1412 - 11234216?
-11235631
In base 13, what is -2 + -cc66524?
-cc66526
In base 15, what is 3 + -127d59?
-127d56
In base 12, what is 4758 + 1171?
5909
In base 6, what is 125025 - 115442?
5143
In base 5, what is -14 - -30210311?
30210242
In base 7, what is 3025305 + -1265?
3024010
In base 15, what is -7b6b93 - 1?
-7b6b94
In base 3, what is -122010001211101100 - 11?
-122010001211101111
In base 11, what is 58085a + -183?
580687
In base 12, what is -141 - -394a62?
394921
In base 15, what is 8e4d8 - -30?
8e518
In base 12, what is -10404 - aa6?
-112aa
In base 14, what is -1d + 708896?
708877
In base 7, what is -340 - -1014426?
1014056
In base 11, what is -2 + 3404685?
3404683
In base 5, what is 3021241 - -12420?
3034211
In base 11, what is 1497 - 73059?
-71672
In base 5, what is 104114 - 1102144?
-443030
In base 9, what is -48 - -11640477?
11640428
In base 3, what is -12020212022 - 202?
-12020220001
In base 16, what is 69 + e60a?
e673
In base 9, what is -746 - -13015?
12158
In base 13, what is 5 + 4ba11?
4ba16
In base 7, what is -251 + 345344?
345063
In base 15, what is 160331 + -3?
16032d
In base 9, what is 4 + -43000451?
-43000446
In base 10, what is -247848833 + -2?
-247848835
In base 2, what is 10011110111 - -110011011111?
1000111010110
In base 9, what is 2422333 + 135?
2422468
In base 6, what is -1020 + -2353212?
-2354232
In base 2, what is -10011110011 - 10010001010000101001?
-10010001100100011100
In base 11, what is -487001 + -154?
-487155
In base 10, what is 80751893 - 9?
80751884
In base 10, what is 486 + -2166?
-1680
In base 9, what is 0 - -47083254?
47083254
In base 9, what is 1545112 - -383?
1545505
In base 3, what is 12201221 + -1220011201?
-1200102210
In base 4, what is -2100330 + 10011?
-2030313
In base 13, what is -b72 - -30164?
2c2c2
In base 11, what is -a8278 - -1?
-a8277
In base 16, what is ee18ec7 + 0?
ee18ec7
In base 11, what is -3215033 - -2?
-3215031
In base 4, what is -11101020201 - 13?
-11101020220
In base 15, what is -2579 - 52b5?
-783e
In base 15, what is -1e + 49e815?
49e7e6
In base 16, what is -7 - 3570e3?
-3570ea
In base 3, what is -1 - -112210221012012?
112210221012011
In base 12, what is a055793 + 5?
a055798
In base 4, what is -21322121120001 + 10?
-21322121113331
In base 8, what is -421760623 - -10?
-421760613
In base 2, what is -100 - 11011110111111001011100?
-11011110111111001100000
In base 13, what is b2 + -c29c5?
-c2913
In base 9, what is 1048 + 6765?
7824
In base 9, what is -468 - -37011?
36432
In base 5, what is 13140 + -4133421?
-4120231
In base 5, what is 10 + 404443041?
404443101
In base 13, what is -1 - -5b17366?
5b17365
In base 10, what is -62810337 - -3?
-62810334
In base 9, what is 0 + 5634433?
5634433
In base 15, what is 7194 - 2d5?
6dae
In base 11, what is 0 + -3023a47?
-3023a47
In base 8, what is -2355306 + -64?
-2355372
In base 4, what is -113223111223023 + 3?
-1132231112